9116.
12
Calculate the greatest common factor of 1550 and 10757.
31
Calculate the highest common factor of 52831 and 46.
23
What is the greatest common divisor of 399 and 786163?
133
What is the greatest common factor of 908 and 16?
4
Calculate the greatest common factor of 2962 and 4871009.
1481
What is the highest common factor of 45 and 7770?
15
Calculate the highest common divisor of 276 and 44298.
138
What is the greatest common factor of 10434 and 564?
282
What is the highest common factor of 66 and 49356?
6
Calculate the highest common factor of 1291668 and 105.
21
Calculate the greatest common factor of 1044 and 44834.
58
Calculate the highest common divisor of 1495 and 12259.
299
What is the greatest common divisor of 1016 and 2824?
8
What is the highest common divisor of 16771 and 248?
31
What is the highest common divisor of 7751 and 34711?
337
What is the greatest common factor of 686366 and 301?
43
Calculate the highest common divisor of 8 and 311560.
8
What is the greatest common factor of 18499 and 143?
13
What is the greatest common divisor of 174 and 86739?
87
What is the greatest common factor of 224 and 2730?
14
Calculate the highest common divisor of 5738 and 16459.
151
What is the highest common divisor of 832 and 3510?
26
What is the greatest common factor of 3135 and 13365?
165
What is the highest common factor of 1031998 and 10766?
1538
What is the highest common factor of 2066985 and 183?
183
What is the greatest common factor of 4224 and 2508?
132
Calculate the greatest common divisor of 588 and 6252.
12
Calculate the greatest common factor of 660 and 18656.
44
What is the greatest common factor of 104 and 74932?
52
What is the highest common factor of 6364072 and 104?
104
What is the greatest common factor of 855 and 22320?
45
Calculate the highest common factor of 47664 and 432.
144
What is the highest common factor of 2516 and 40?
4
Calculate the greatest common divisor of 22 and 21833614.
22
What is the highest common factor of 476 and 2156?
28
Calculate the greatest common factor of 67419 and 594.
297
What is the highest common divisor of 238793 and 248?
31
Calculate the greatest common divisor of 11657565 and 87.
87
What is the greatest common factor of 1260 and 113148?
252
What is the highest common factor of 14 and 271922?
14
What is the highest common divisor of 1791 and 59700?
597
Calculate the highest common divisor of 571720 and 40.
40
What is the greatest common factor of 11832 and 145464?
696
What is the greatest common divisor of 12062 and 1184?
74
What is the highest common divisor of 5 and 407105?
5
What is the highest common divisor of 375 and 20875?
125
What is the highest common divisor of 6116 and 528?
44
What is the greatest common factor of 1088 and 23104?
64
Calculate the greatest common divisor of 414557 and 78.
13
Calculate the highest common factor of 99 and 41778.
99
What is the greatest common divisor of 101 and 8019299?
101
What is the highest common factor of 954 and 201?
3
What is the highest common factor of 231 and 12537?
21
What is the highest common factor of 991160 and 200?
40
Calculate the highest common divisor of 611658 and 27.
27
Calculate the highest common divisor of 598 and 2357316.
598
What is the greatest common factor of 189303 and 712?
89
Calculate the highest common factor of 6486 and 1794.
138
What is the greatest common divisor of 190 and 242010?
10
Calculate the greatest common factor of 1550 and 69626.
62
What is the greatest common divisor of 26845 and 8909?
59
Calculate the highest common factor of 231 and 10329.
33
What is the greatest common divisor of 883 and 777923?
883
Calculate the greatest common factor of 105138 and 299376.
1782
What is the highest common factor of 364 and 7501?
13
What is the greatest common factor of 6896 and 592?
16
Calculate the highest common factor of 772 and 148.
4
Calculate the highest common factor of 447 and 67497.
447
Calculate the greatest common factor of 2981 and 132.
11
Calculate the greatest common factor of 424 and 103668.
212
What is the greatest common divisor of 102286 and 771?
257
What is the highest common divisor of 448 and 976192?
448
What is the highest common factor of 980 and 306544?
196
What is the greatest common factor of 32548 and 3476?
316
Calculate the greatest common divisor of 72 and 4604.
4
What is the highest common divisor of 15456 and 29670?
138
What is the greatest common factor of 795 and 668385?
15
What is the greatest common factor of 4004 and 94402?
154
Calculate the highest common factor of 176 and 2123.
11
What is the greatest common factor of 123 and 6225?
3
What is the highest common divisor of 120795 and 105?
15
What is the greatest common divisor of 2839 and 527?
17
What is the highest common factor of 70972 and 55?
11
Calculate the highest common factor of 568 and 49913.
71
Calculate the highest common factor of 93 and 250449.
93
What is the highest common factor of 47064 and 8904?
1272
What is the greatest common divisor of 1659 and 195051?
237
What is the highest common factor of 43 and 703523?
43
What is the highest common divisor of 1375 and 44165?
55
Calculate the highest common divisor of 35 and 862820.
35
What is the greatest common divisor of 91 and 49322?
91
Calculate the highest common factor of 21 and 3878217.
21
What is the greatest common factor of 42 and 808234?
14
What is the highest common divisor of 686767 and 359?
359
What is the highest common factor of 2555 and 22265?
365
Calculate the highest common divisor of 102 and 349316.
34
What is the greatest common factor of 99950 and 3650?
50
Calculate the greatest common factor of 51 and 159375.
51
Calculate the greatest common factor of 1171245 and 691.
691
What is the greatest common factor of 25 and 1727100?
25
Calculate the highest common factor of 3582 and 278998.
398
What is the greatest common factor of 420 and 496?
4
Calculate the greatest common factor of 44880 and 10710.
510
What is the highest common divisor of 343524 and 24?
12
What is the highest common factor of 1469316 and 12?
12
What is the greatest common factor of 35 and 814345?
35
Calculate the greatest common divisor of 335439 and 329.
47
What is the greatest common factor of 51 and 213775?
17
What is the highest common factor of 171462 and 102?
102
What is the highest common factor of 133 and 4529?
7
Calculate the greatest common divisor of 320236 and 14.
14
Calculate the greatest common factor of 2727307 and 1221.
407
Calculate the highest common factor of 10 and 3835250.
10
Calculate the highest common factor of 48 and 259536.
48
Calculate the highest common divisor of 17411 and 46.
23
Calculate the greatest common divisor of 4154 and 871.
67
What is the greatest common factor of 280 and 27860?
140
What is the highest common divisor of 1625 and 86255?
65
Calculate the greatest common divisor of 11910 and 255.
15
Calculate the highest common divisor of 8170 and 11170.
10
Calculate the greatest common factor of 946 and 3116597.
473
What is the highest common factor of 1 and 2080?
1
Calculate the highest common factor of 5652 and 309.
3
What is the highest common factor of 1716 and 115852?
44
What is the highest common factor of 452 and 685119?
113
What is the highest common factor of 2419 and 287?
41
Calculate the highest common divisor of 3033 and 45.
9
Calculate the greatest common divisor of 8450 and 575.
25
Calculate the highest common divisor of 4015 and 2145.
55
Calculate the highest common factor of 192 and 1527.
3
What is the highest common divisor of 7512 and 72?
24
Calculate the highest common divisor of 3466850 and 25.
25
Calculate the highest common divisor of 166231 and 741.
247
Calculate the highest common divisor of 42 and 63483.
21
What is the highest common factor of 180 and 8808?
12
What is the greatest common factor of 1488 and 136865?
31
Calculate the greatest common divisor of 7843 and 56265.
341
What is the highest common factor of 151 and 57833?
151
Calculate the greatest common factor of 228084 and 83.
83
Calculate the greatest common divisor of 73850 and 10.
10
Calculate the highest common factor of 6069 and 7140.
357
Calculate the highest common factor of 30287 and 403.
31
What is the highest common factor of 541004 and 633?